List the prime factors of 285116.
2, 13, 5483
What are the prime factors of 567889?
7, 31, 2617
List the prime factors of 602362.
2, 301181
What are the prime factors of 1067789?
1067789
What are the prime factors of 655602?
2, 3, 109267
What are the prime factors of 8420648?
2, 19, 55399
What are the prime factors of 396408?
2, 3, 83, 199
What are the prime factors of 448238?
2, 7, 101, 317
What are the prime factors of 93985?
5, 18797
What are the prime factors of 2094419?
317, 6607
List the prime factors of 532705.
5, 106541
List the prime factors of 67427.
67427
What are the prime factors of 139958?
2, 7, 13, 769
What are the prime factors of 6457635?
3, 5, 143503
List the prime factors of 1217943.
3, 79, 571
What are the prime factors of 91226?
2, 45613
What are the prime factors of 648989?
11, 41, 1439
List the prime factors of 1051788.
2, 3, 87649
What are the prime factors of 495931?
495931
List the prime factors of 242651.
167, 1453
What are the prime factors of 2886303?
3, 7, 137443
List the prime factors of 91534.
2, 45767
What are the prime factors of 27973?
11, 2543
List the prime factors of 38388.
2, 3, 7, 457
What are the prime factors of 932509?
523, 1783
List the prime factors of 2088526.
2, 11, 94933
What are the prime factors of 16152251?
61, 264791
List the prime factors of 33846.
2, 3, 5641
List the prime factors of 6407427.
3, 13, 19, 8647
What are the prime factors of 505427?
13, 17, 2287
What are the prime factors of 209130?
2, 3, 5, 6971
List the prime factors of 409995.
3, 5, 3037
What are the prime factors of 1603567?
7, 229081
What are the prime factors of 420726?
2, 3, 70121
List the prime factors of 175175.
5, 7, 11, 13
List the prime factors of 5553314.
2, 13, 213589
List the prime factors of 2553918.
2, 3, 425653
List the prime factors of 1513904.
2, 7, 1931
What are the prime factors of 762465?
3, 5, 11, 4621
List the prime factors of 3127538.
2, 787, 1987
What are the prime factors of 7927940?
2, 5, 19, 31, 673
What are the prime factors of 3278006?
2, 23, 71261
What are the prime factors of 16679?
13, 1283
What are the prime factors of 708283?
708283
What are the prime factors of 29362249?
7, 43, 97549
List the prime factors of 187159.
7, 26737
List the prime factors of 2461460.
2, 5, 23, 5351
What are the prime factors of 10181632?
2, 61, 163
What are the prime factors of 435444?
2, 3, 131, 277
What are the prime factors of 2570029?
7, 11, 33377
What are the prime factors of 1816285?
5, 363257
What are the prime factors of 449756?
2, 229, 491
List the prime factors of 854559.
3, 94951
What are the prime factors of 780278?
2, 43, 211
List the prime factors of 970733.
263, 3691
List the prime factors of 121449.
3, 40483
List the prime factors of 243901.
7, 34843
What are the prime factors of 142691?
293, 487
List the prime factors of 2240160.
2, 3, 5, 13, 359
List the prime factors of 35177794.
2, 17, 719, 1439
List the prime factors of 15831.
3, 1759
What are the prime factors of 28834225?
5, 7, 164767
What are the prime factors of 30659693?
30659693
What are the prime factors of 637523?
83, 7681
List the prime factors of 36013872.
2, 3, 163, 4603
What are the prime factors of 147389?
11, 13399
List the prime factors of 1629389.
23, 70843
What are the prime factors of 404751?
3, 134917
List the prime factors of 4657982.
2, 7, 47, 7079
What are the prime factors of 29327851?
7, 4189693
What are the prime factors of 1119300?
2, 3, 5, 7, 13, 41
List the prime factors of 5624832.
2, 3, 1831
What are the prime factors of 323402?
2, 101, 1601
What are the prime factors of 5005922?
2, 17, 29, 5077
What are the prime factors of 341831?
7, 47, 1039
What are the prime factors of 7678328?
2, 7, 31, 4423
List the prime factors of 699134.
2, 349567
List the prime factors of 1205732.
2, 11, 67, 409
What are the prime factors of 27688101?
3, 7, 53, 24877
List the prime factors of 8795711.
8795711
List the prime factors of 14383690.
2, 5, 31, 46399
What are the prime factors of 280876?
2, 23, 43, 71
What are the prime factors of 159011?
19, 8369
List the prime factors of 1415848.
2, 7, 131, 193
What are the prime factors of 9309729?
3, 11, 13, 21701
What are the prime factors of 387678?
2, 3, 64613
List the prime factors of 7292770.
2, 5, 19, 131, 293
What are the prime factors of 227824?
2, 29, 491
What are the prime factors of 219838?
2, 109919
List the prime factors of 97526.
2, 11, 13, 31
List the prime factors of 1257092.
2, 29, 10837
What are the prime factors of 1502872?
2, 7, 47, 571
List the prime factors of 456408.
2, 3, 2113
List the prime factors of 71002.
2, 131, 271
What are the prime factors of 3389013?
3, 31, 4049
List the prime factors of 1681961.
367, 4583
List the prime factors of 805382.
2, 402691
What are the prime factors of 572172?
2, 3, 47681
What are the prime factors of 2319074?
2, 47, 24671
What are the prime factors of 11976099?
3, 19, 163, 1289
What are the prime factors of 196934?
2, 98467
What are the prime factors of 71940?
2, 3, 5, 11, 109
List the prime factors of 23442681.
3, 23, 339749
What are the prime factors of 13950003?
3, 67, 69403
List the prime factors of 68923.
157, 439
List the prime factors of 88299.
3, 9811
What are the prime factors of 245131?
245131
List the prime factors of 4385713.
19, 230827
What are the prime factors of 1691264?
2, 73, 181
List the prime factors of 10548564.
2, 3, 13, 67619
What are the prime factors of 21182702?
2, 29, 73, 5003
What are the prime factors of 106538?
2, 53269
What are the prime factors of 11436979?
97, 157, 751
List the prime factors of 718617.
3, 239539
What are the prime factors of 3058806?
2, 3, 509801
List the prime factors of 169690.
2, 5, 71, 239
What are the prime factors of 9910370?
2, 5, 991037
List the prime factors of 77982.
2, 3, 41, 317
What are the prime factors of 529484?
2, 132371
List the prime factors of 45017.
7, 59, 109
List the prime factors of 20366714.
2, 17, 599021
What are the prime factors of 4597512?
2, 3, 191563
List the prime factors of 737709.
3, 7, 35129
What are the prime factors of 4134359?
257, 16087
What are the prime factors of 29704943?
2521, 11783
List the prime factors of 26897665.
5, 5379533
What are the prime factors of 64049?
19, 3371
List the prime factors of 1688293.
29, 58217
What are the prime factors of 502997?
11, 4157
What are the prime factors of 11052180?
2, 3, 5, 97, 211
List the prime factors of 32251605.
3, 5, 37, 58111
List the prime factors of 880534.
2, 79, 5573
List the prime factors of 6003055.
5, 1200611
What are the prime factors of 952705?
5, 13, 14657
List the prime factors of 996515.
5, 13, 15331
List the prime factors of 296706.
2, 3, 49451
What are the prime factors of 133859?
11, 43, 283
What are the prime factors of 1222736?
2, 76421
List the prime factors of 12935228.
2, 233, 13879
What are the prime factors of 9135823?
43, 212461
What are the prime factors of 19580019?
3, 151, 43223
What are the prime factors of 119145?
3, 5, 13, 47
What are the prime factors of 375499?
113, 3323
What are the prime factors of 10944268?
2, 2736067
What are the prime factors of 15537230?
2, 5, 1553723
List the prime factors of 2251398.
2, 3, 375233
List the prime factors of 1806086.
2, 43, 21001
What are the prime factors of 561709?
43, 13063
List the prime factors of 229843.
19, 12097
What are the prime factors of 3251335?
5, 17, 29, 1319
List the prime factors of 8299167.
3, 2766389
List the prime factors of 98778.
2, 3, 101, 163
What are the prime factors of 632615?
5, 23, 5501
What are the prime factors of 102266?
2, 51133
What are the prime factors of 14555192?
2, 151, 12049
List the prime factors of 8682531.
3, 11, 13, 37, 547
List the prime factors of 2584729.
7, 369247
List the prime factors of 9573.
3, 3191
What are the prime factors of 13077634?
2, 6538817
List the prime factors of 5572448.
2, 7, 24877
List the prime factors of 1599253.
1599253
List the prime factors of 2227495.
5, 445499
List the prime factors of 678721.
678721
What are the prime factors of 288282?
2, 3, 23, 2089
What are the prime factors of 1415411?
1415411
List the prime factors of 238207.
238207
List the prime factors of 196022.
2, 98011
List the prime factors of 3163471.
3163471
List the prime factors 